{"id":612,"date":"2026-04-08T14:30:06","date_gmt":"2026-04-08T14:30:06","guid":{"rendered":"https:\/\/language-rights.org\/?page_id=612"},"modified":"2026-04-08T14:30:18","modified_gmt":"2026-04-08T14:30:18","slug":"mentions-legales-politiques-de-confidentialite-et-cookies","status":"publish","type":"page","link":"https:\/\/language-rights.org\/index.php\/fra\/mentions-legales-politiques-de-confidentialite-et-cookies\/","title":{"rendered":"Mentions L\u00e9gales, politiques de confidentialit\u00e9 et cookies"},"content":{"rendered":"\n<p><\/p>\n\n\n\n<p><\/p>\n\n\n\n<div style=\"height:49px\" aria-hidden=\"true\" class=\"wp-block-spacer\"><\/div>\n\n\n\n<p><\/p>\n\n\n\n<h2 class=\"wp-block-heading\"><strong>Mentions L\u00e9gales<\/strong><\/h2>\n\n\n\n<p>Conform\u00e9ment \u00e0 la r\u00e9glementation sur les services de la soci\u00e9t\u00e9 de l&#8217;information :<\/p>\n\n\n\n<p><\/p>\n\n\n\n<ul class=\"wp-block-list\">\n<li><strong>Titulaire :<\/strong> ONG Language Rights<\/li>\n\n\n\n<li><strong>Si\u00e8ge social :<\/strong><br>Rue des Pavillons 17<br>CP 90<br>1211 Gen\u00e8ve 4, Su\u00efssa<\/li>\n\n\n\n<li><strong>Email :<\/strong> info @ language-rights.org<\/li>\n\n\n\n<li><strong>Objet :<\/strong> Ce site web a pour objet d&#8217;informer sur la d\u00e9fense des droits linguistiques et les activit\u00e9s de l&#8217;organisation.<\/li>\n<\/ul>\n\n\n\n<p><\/p>\n\n\n\n<h2 class=\"wp-block-heading\"><strong>Politique de Confidentialit\u00e9<\/strong><\/h2>\n\n\n\n<p>Conform\u00e9ment au RGPD, vos donn\u00e9es personnelles seront trait\u00e9es par <strong>Language Rights<\/strong> pour g\u00e9rer votre relation avec l&#8217;entit\u00e9 (dons, newsletters ou demandes de renseignements).<\/p>\n\n\n\n<ul class=\"wp-block-list\">\n<li><strong>L\u00e9gitimit\u00e9 :<\/strong> Consentement de la personne concern\u00e9e ou ex\u00e9cution d&#8217;un contrat\/accord.<\/li>\n\n\n\n<li><strong>Droits :<\/strong> Vous pouvez acc\u00e9der, rectifier, supprimer ou vous opposer au traitement de vos donn\u00e9es en envoyant un e-mail \u00e0 [info @ language-rights.org]<\/li>\n<\/ul>\n\n\n\n<p><\/p>\n\n\n\n<h2 class=\"wp-block-heading\"><strong>Politique relative aux Cookies<\/strong><\/h2>\n\n\n\n<p>Nous utilisons des cookies propres et de tiers pour am\u00e9liorer l&#8217;exp\u00e9rience de navigation et analyser le trafic web.<\/p>\n\n\n\n<ul class=\"wp-block-list\">\n<li><strong>Techniques :<\/strong> N\u00e9cessaires au fonctionnement du site.<\/li>\n\n\n\n<li><strong>Analytiques :<\/strong> Nous permettent de comprendre comment vous utilisez le site afin de l&#8217;am\u00e9liorer. Vous pouvez configurer ou refuser les cookies via les param\u00e8tres de votre navigateur.<\/li>\n<\/ul>\n\n\n\n<p><\/p>\n","protected":false},"excerpt":{"rendered":"<p>Mentions L\u00e9gales Conform\u00e9ment \u00e0 la r\u00e9glementation sur les services de la soci\u00e9t\u00e9 de l&#8217;information : Politique de Confidentialit\u00e9 Conform\u00e9ment au RGPD, vos donn\u00e9es personnelles seront trait\u00e9es par Language Rights pour g\u00e9rer votre relation avec l&#8217;entit\u00e9 (dons, newsletters ou demandes de renseignements). Politique relative aux Cookies Nous utilisons des cookies propres et de tiers pour am\u00e9liorer [&hellip;]<\/p>\n","protected":false},"author":4,"featured_media":0,"parent":0,"menu_order":0,"comment_status":"closed","ping_status":"closed","template":"page-no-title","meta":{"footnotes":""},"class_list":["post-612","page","type-page","status-publish","hentry"],"yoast_head":"<!-- This site is optimized with the Yoast SEO plugin v27.6 - https:\/\/yoast.com\/product\/yoast-seo-wordpress\/ -->\n<title>Mentions L\u00e9gales, politiques de confidentialit\u00e9 et cookies - Language Rights<\/title>\n<meta name=\"robots\" content=\"index, follow, max-snippet:-1, max-image-preview:large, max-video-preview:-1\" \/>\n<link rel=\"canonical\" href=\"https:\/\/language-rights.org\/index.php\/fra\/mentions-legales-politiques-de-confidentialite-et-cookies\/\" \/>\n<meta property=\"og:locale\" content=\"en_US\" \/>\n<meta property=\"og:type\" content=\"article\" \/>\n<meta property=\"og:title\" content=\"Mentions L\u00e9gales, politiques de confidentialit\u00e9 et cookies - Language Rights\" \/>\n<meta property=\"og:description\" content=\"Mentions L\u00e9gales Conform\u00e9ment \u00e0 la r\u00e9glementation sur les services de la soci\u00e9t\u00e9 de l&#8217;information : Politique de Confidentialit\u00e9 Conform\u00e9ment au RGPD, vos donn\u00e9es personnelles seront trait\u00e9es par Language Rights pour g\u00e9rer votre relation avec l&#8217;entit\u00e9 (dons, newsletters ou demandes de renseignements). Politique relative aux Cookies Nous utilisons des cookies propres et de tiers pour am\u00e9liorer [&hellip;]\" \/>\n<meta property=\"og:url\" content=\"https:\/\/language-rights.org\/index.php\/fra\/mentions-legales-politiques-de-confidentialite-et-cookies\/\" \/>\n<meta property=\"og:site_name\" content=\"Language Rights\" \/>\n<meta property=\"article:modified_time\" content=\"2026-04-08T14:30:18+00:00\" \/>\n<meta name=\"twitter:card\" content=\"summary_large_image\" \/>\n<meta name=\"twitter:label1\" content=\"Est. reading time\" \/>\n\t<meta name=\"twitter:data1\" content=\"1 minute\" \/>\n<script type=\"application\/ld+json\" class=\"yoast-schema-graph\">{\"@context\":\"https:\\\/\\\/schema.org\",\"@graph\":[{\"@type\":\"WebPage\",\"@id\":\"https:\\\/\\\/language-rights.org\\\/index.php\\\/fra\\\/mentions-legales-politiques-de-confidentialite-et-cookies\\\/\",\"url\":\"https:\\\/\\\/language-rights.org\\\/index.php\\\/fra\\\/mentions-legales-politiques-de-confidentialite-et-cookies\\\/\",\"name\":\"Mentions L\u00e9gales, politiques de confidentialit\u00e9 et cookies - Language Rights\",\"isPartOf\":{\"@id\":\"https:\\\/\\\/language-rights.org\\\/#website\"},\"datePublished\":\"2026-04-08T14:30:06+00:00\",\"dateModified\":\"2026-04-08T14:30:18+00:00\",\"breadcrumb\":{\"@id\":\"https:\\\/\\\/language-rights.org\\\/index.php\\\/fra\\\/mentions-legales-politiques-de-confidentialite-et-cookies\\\/#breadcrumb\"},\"inLanguage\":\"en-US\",\"potentialAction\":[{\"@type\":\"ReadAction\",\"target\":[\"https:\\\/\\\/language-rights.org\\\/index.php\\\/fra\\\/mentions-legales-politiques-de-confidentialite-et-cookies\\\/\"]}]},{\"@type\":\"BreadcrumbList\",\"@id\":\"https:\\\/\\\/language-rights.org\\\/index.php\\\/fra\\\/mentions-legales-politiques-de-confidentialite-et-cookies\\\/#breadcrumb\",\"itemListElement\":[{\"@type\":\"ListItem\",\"position\":1,\"name\":\"Home\",\"item\":\"https:\\\/\\\/language-rights.org\\\/\"},{\"@type\":\"ListItem\",\"position\":2,\"name\":\"Mentions L\u00e9gales, politiques de confidentialit\u00e9 et cookies\"}]},{\"@type\":\"WebSite\",\"@id\":\"https:\\\/\\\/language-rights.org\\\/#website\",\"url\":\"https:\\\/\\\/language-rights.org\\\/\",\"name\":\"Language Rights\",\"description\":\"Language Rights are Human Rights\",\"potentialAction\":[{\"@type\":\"SearchAction\",\"target\":{\"@type\":\"EntryPoint\",\"urlTemplate\":\"https:\\\/\\\/language-rights.org\\\/?s={search_term_string}\"},\"query-input\":{\"@type\":\"PropertyValueSpecification\",\"valueRequired\":true,\"valueName\":\"search_term_string\"}}],\"inLanguage\":\"en-US\"}]}<\/script>\n<!-- \/ Yoast SEO plugin. -->","yoast_head_json":{"title":"Mentions L\u00e9gales, politiques de confidentialit\u00e9 et cookies - Language Rights","robots":{"index":"index","follow":"follow","max-snippet":"max-snippet:-1","max-image-preview":"max-image-preview:large","max-video-preview":"max-video-preview:-1"},"canonical":"https:\/\/language-rights.org\/index.php\/fra\/mentions-legales-politiques-de-confidentialite-et-cookies\/","og_locale":"en_US","og_type":"article","og_title":"Mentions L\u00e9gales, politiques de confidentialit\u00e9 et cookies - Language Rights","og_description":"Mentions L\u00e9gales Conform\u00e9ment \u00e0 la r\u00e9glementation sur les services de la soci\u00e9t\u00e9 de l&#8217;information : Politique de Confidentialit\u00e9 Conform\u00e9ment au RGPD, vos donn\u00e9es personnelles seront trait\u00e9es par Language Rights pour g\u00e9rer votre relation avec l&#8217;entit\u00e9 (dons, newsletters ou demandes de renseignements). Politique relative aux Cookies Nous utilisons des cookies propres et de tiers pour am\u00e9liorer [&hellip;]","og_url":"https:\/\/language-rights.org\/index.php\/fra\/mentions-legales-politiques-de-confidentialite-et-cookies\/","og_site_name":"Language Rights","article_modified_time":"2026-04-08T14:30:18+00:00","twitter_card":"summary_large_image","twitter_misc":{"Est. reading time":"1 minute"},"schema":{"@context":"https:\/\/schema.org","@graph":[{"@type":"WebPage","@id":"https:\/\/language-rights.org\/index.php\/fra\/mentions-legales-politiques-de-confidentialite-et-cookies\/","url":"https:\/\/language-rights.org\/index.php\/fra\/mentions-legales-politiques-de-confidentialite-et-cookies\/","name":"Mentions L\u00e9gales, politiques de confidentialit\u00e9 et cookies - Language Rights","isPartOf":{"@id":"https:\/\/language-rights.org\/#website"},"datePublished":"2026-04-08T14:30:06+00:00","dateModified":"2026-04-08T14:30:18+00:00","breadcrumb":{"@id":"https:\/\/language-rights.org\/index.php\/fra\/mentions-legales-politiques-de-confidentialite-et-cookies\/#breadcrumb"},"inLanguage":"en-US","potentialAction":[{"@type":"ReadAction","target":["https:\/\/language-rights.org\/index.php\/fra\/mentions-legales-politiques-de-confidentialite-et-cookies\/"]}]},{"@type":"BreadcrumbList","@id":"https:\/\/language-rights.org\/index.php\/fra\/mentions-legales-politiques-de-confidentialite-et-cookies\/#breadcrumb","itemListElement":[{"@type":"ListItem","position":1,"name":"Home","item":"https:\/\/language-rights.org\/"},{"@type":"ListItem","position":2,"name":"Mentions L\u00e9gales, politiques de confidentialit\u00e9 et cookies"}]},{"@type":"WebSite","@id":"https:\/\/language-rights.org\/#website","url":"https:\/\/language-rights.org\/","name":"Language Rights","description":"Language Rights are Human Rights","potentialAction":[{"@type":"SearchAction","target":{"@type":"EntryPoint","urlTemplate":"https:\/\/language-rights.org\/?s={search_term_string}"},"query-input":{"@type":"PropertyValueSpecification","valueRequired":true,"valueName":"search_term_string"}}],"inLanguage":"en-US"}]}},"_links":{"self":[{"href":"https:\/\/language-rights.org\/index.php\/wp-json\/wp\/v2\/pages\/612","targetHints":{"allow":["GET"]}}],"collection":[{"href":"https:\/\/language-rights.org\/index.php\/wp-json\/wp\/v2\/pages"}],"about":[{"href":"https:\/\/language-rights.org\/index.php\/wp-json\/wp\/v2\/types\/page"}],"author":[{"embeddable":true,"href":"https:\/\/language-rights.org\/index.php\/wp-json\/wp\/v2\/users\/4"}],"replies":[{"embeddable":true,"href":"https:\/\/language-rights.org\/index.php\/wp-json\/wp\/v2\/comments?post=612"}],"version-history":[{"count":1,"href":"https:\/\/language-rights.org\/index.php\/wp-json\/wp\/v2\/pages\/612\/revisions"}],"predecessor-version":[{"id":613,"href":"https:\/\/language-rights.org\/index.php\/wp-json\/wp\/v2\/pages\/612\/revisions\/613"}],"wp:attachment":[{"href":"https:\/\/language-rights.org\/index.php\/wp-json\/wp\/v2\/media?parent=612"}],"curies":[{"name":"wp","href":"https:\/\/api.w.org\/{rel}","templated":true}]}}