{"id":660,"date":"2026-04-20T07:50:24","date_gmt":"2026-04-20T07:50:24","guid":{"rendered":"https:\/\/language-rights.org\/?page_id=660"},"modified":"2026-04-20T07:50:29","modified_gmt":"2026-04-20T07:50:29","slug":"transparence","status":"publish","type":"page","link":"https:\/\/language-rights.org\/index.php\/fra\/transparence\/","title":{"rendered":"Transparence"},"content":{"rendered":"\n<div style=\"height:49px\" aria-hidden=\"true\" class=\"wp-block-spacer\"><\/div>\n\n\n\n<p><strong>L\u2019organisme Language Rights<\/strong> rend publiques les informations d\u2019int\u00e9r\u00eat public relatives \u00e0 l\u2019institution, conform\u00e9ment \u00e0 la loi 19\/2014 du 29 d\u00e9cembre relative \u00e0 la transparence, \u00e0 l\u2019acc\u00e8s \u00e0 l\u2019information publique et \u00e0 la bonne gouvernance.<\/p>\n\n\n\n<p><\/p>\n\n\n\n<p>Cette loi r\u00e9pond \u00e0 la demande sociale d\u2019une plus grande transparence dans le fonctionnement des administrations, notamment par la reconnaissance d\u2019un large droit d\u2019acc\u00e8s \u00e0 l\u2019information publiqu<\/p>\n\n\n\n<p><\/p>\n\n\n\n<ul class=\"wp-block-list\">\n<li><a href=\"https:\/\/language-rights.org\/index.php\/fra\/qui-sommes-nous\/\" target=\"_blank\" rel=\"noreferrer noopener\">Organisation<\/a><\/li>\n\n\n\n<li><a href=\"https:\/\/language-rights.org\/wp-content\/uploads\/2026\/04\/20180709_LANGUAGE_RIGHTS_Statuts.pdf\" target=\"_blank\" rel=\"noreferrer noopener\">Statuts<\/a><\/li>\n\n\n\n<li><a href=\"https:\/\/language-rights.org\/index.php\/memoria\/\">Rapports<\/a><\/li>\n<\/ul>\n\n\n\n<p><\/p>\n","protected":false},"excerpt":{"rendered":"<p>L\u2019organisme Language Rights rend publiques les informations d\u2019int\u00e9r\u00eat public relatives \u00e0 l\u2019institution, conform\u00e9ment \u00e0 la loi 19\/2014 du 29 d\u00e9cembre relative \u00e0 la transparence, \u00e0 l\u2019acc\u00e8s \u00e0 l\u2019information publique et \u00e0 la bonne gouvernance. Cette loi r\u00e9pond \u00e0 la demande sociale d\u2019une plus grande transparence dans le fonctionnement des administrations, notamment par la reconnaissance d\u2019un [&hellip;]<\/p>\n","protected":false},"author":4,"featured_media":0,"parent":0,"menu_order":0,"comment_status":"closed","ping_status":"closed","template":"","meta":{"footnotes":""},"class_list":["post-660","page","type-page","status-publish","hentry"],"yoast_head":"<!-- This site is optimized with the Yoast SEO plugin v27.6 - https:\/\/yoast.com\/product\/yoast-seo-wordpress\/ -->\n<title>Transparence - Language Rights<\/title>\n<meta name=\"robots\" content=\"index, follow, max-snippet:-1, max-image-preview:large, max-video-preview:-1\" \/>\n<link rel=\"canonical\" href=\"https:\/\/language-rights.org\/index.php\/fra\/transparence\/\" \/>\n<meta property=\"og:locale\" content=\"en_US\" \/>\n<meta property=\"og:type\" content=\"article\" \/>\n<meta property=\"og:title\" content=\"Transparence - Language Rights\" \/>\n<meta property=\"og:description\" content=\"L\u2019organisme Language Rights rend publiques les informations d\u2019int\u00e9r\u00eat public relatives \u00e0 l\u2019institution, conform\u00e9ment \u00e0 la loi 19\/2014 du 29 d\u00e9cembre relative \u00e0 la transparence, \u00e0 l\u2019acc\u00e8s \u00e0 l\u2019information publique et \u00e0 la bonne gouvernance. Cette loi r\u00e9pond \u00e0 la demande sociale d\u2019une plus grande transparence dans le fonctionnement des administrations, notamment par la reconnaissance d\u2019un [&hellip;]\" \/>\n<meta property=\"og:url\" content=\"https:\/\/language-rights.org\/index.php\/fra\/transparence\/\" \/>\n<meta property=\"og:site_name\" content=\"Language Rights\" \/>\n<meta property=\"article:modified_time\" content=\"2026-04-20T07:50:29+00:00\" \/>\n<meta name=\"twitter:card\" content=\"summary_large_image\" \/>\n<meta name=\"twitter:label1\" content=\"Est. reading time\" \/>\n\t<meta name=\"twitter:data1\" content=\"1 minute\" \/>\n<script type=\"application\/ld+json\" class=\"yoast-schema-graph\">{\"@context\":\"https:\\\/\\\/schema.org\",\"@graph\":[{\"@type\":\"WebPage\",\"@id\":\"https:\\\/\\\/language-rights.org\\\/index.php\\\/fra\\\/transparence\\\/\",\"url\":\"https:\\\/\\\/language-rights.org\\\/index.php\\\/fra\\\/transparence\\\/\",\"name\":\"Transparence - Language Rights\",\"isPartOf\":{\"@id\":\"https:\\\/\\\/language-rights.org\\\/#website\"},\"datePublished\":\"2026-04-20T07:50:24+00:00\",\"dateModified\":\"2026-04-20T07:50:29+00:00\",\"breadcrumb\":{\"@id\":\"https:\\\/\\\/language-rights.org\\\/index.php\\\/fra\\\/transparence\\\/#breadcrumb\"},\"inLanguage\":\"en-US\",\"potentialAction\":[{\"@type\":\"ReadAction\",\"target\":[\"https:\\\/\\\/language-rights.org\\\/index.php\\\/fra\\\/transparence\\\/\"]}]},{\"@type\":\"BreadcrumbList\",\"@id\":\"https:\\\/\\\/language-rights.org\\\/index.php\\\/fra\\\/transparence\\\/#breadcrumb\",\"itemListElement\":[{\"@type\":\"ListItem\",\"position\":1,\"name\":\"Home\",\"item\":\"https:\\\/\\\/language-rights.org\\\/\"},{\"@type\":\"ListItem\",\"position\":2,\"name\":\"Transparence\"}]},{\"@type\":\"WebSite\",\"@id\":\"https:\\\/\\\/language-rights.org\\\/#website\",\"url\":\"https:\\\/\\\/language-rights.org\\\/\",\"name\":\"Language Rights\",\"description\":\"Language Rights are Human Rights\",\"potentialAction\":[{\"@type\":\"SearchAction\",\"target\":{\"@type\":\"EntryPoint\",\"urlTemplate\":\"https:\\\/\\\/language-rights.org\\\/?s={search_term_string}\"},\"query-input\":{\"@type\":\"PropertyValueSpecification\",\"valueRequired\":true,\"valueName\":\"search_term_string\"}}],\"inLanguage\":\"en-US\"}]}<\/script>\n<!-- \/ Yoast SEO plugin. -->","yoast_head_json":{"title":"Transparence - Language Rights","robots":{"index":"index","follow":"follow","max-snippet":"max-snippet:-1","max-image-preview":"max-image-preview:large","max-video-preview":"max-video-preview:-1"},"canonical":"https:\/\/language-rights.org\/index.php\/fra\/transparence\/","og_locale":"en_US","og_type":"article","og_title":"Transparence - Language Rights","og_description":"L\u2019organisme Language Rights rend publiques les informations d\u2019int\u00e9r\u00eat public relatives \u00e0 l\u2019institution, conform\u00e9ment \u00e0 la loi 19\/2014 du 29 d\u00e9cembre relative \u00e0 la transparence, \u00e0 l\u2019acc\u00e8s \u00e0 l\u2019information publique et \u00e0 la bonne gouvernance. Cette loi r\u00e9pond \u00e0 la demande sociale d\u2019une plus grande transparence dans le fonctionnement des administrations, notamment par la reconnaissance d\u2019un [&hellip;]","og_url":"https:\/\/language-rights.org\/index.php\/fra\/transparence\/","og_site_name":"Language Rights","article_modified_time":"2026-04-20T07:50:29+00:00","twitter_card":"summary_large_image","twitter_misc":{"Est. reading time":"1 minute"},"schema":{"@context":"https:\/\/schema.org","@graph":[{"@type":"WebPage","@id":"https:\/\/language-rights.org\/index.php\/fra\/transparence\/","url":"https:\/\/language-rights.org\/index.php\/fra\/transparence\/","name":"Transparence - Language Rights","isPartOf":{"@id":"https:\/\/language-rights.org\/#website"},"datePublished":"2026-04-20T07:50:24+00:00","dateModified":"2026-04-20T07:50:29+00:00","breadcrumb":{"@id":"https:\/\/language-rights.org\/index.php\/fra\/transparence\/#breadcrumb"},"inLanguage":"en-US","potentialAction":[{"@type":"ReadAction","target":["https:\/\/language-rights.org\/index.php\/fra\/transparence\/"]}]},{"@type":"BreadcrumbList","@id":"https:\/\/language-rights.org\/index.php\/fra\/transparence\/#breadcrumb","itemListElement":[{"@type":"ListItem","position":1,"name":"Home","item":"https:\/\/language-rights.org\/"},{"@type":"ListItem","position":2,"name":"Transparence"}]},{"@type":"WebSite","@id":"https:\/\/language-rights.org\/#website","url":"https:\/\/language-rights.org\/","name":"Language Rights","description":"Language Rights are Human Rights","potentialAction":[{"@type":"SearchAction","target":{"@type":"EntryPoint","urlTemplate":"https:\/\/language-rights.org\/?s={search_term_string}"},"query-input":{"@type":"PropertyValueSpecification","valueRequired":true,"valueName":"search_term_string"}}],"inLanguage":"en-US"}]}},"_links":{"self":[{"href":"https:\/\/language-rights.org\/index.php\/wp-json\/wp\/v2\/pages\/660","targetHints":{"allow":["GET"]}}],"collection":[{"href":"https:\/\/language-rights.org\/index.php\/wp-json\/wp\/v2\/pages"}],"about":[{"href":"https:\/\/language-rights.org\/index.php\/wp-json\/wp\/v2\/types\/page"}],"author":[{"embeddable":true,"href":"https:\/\/language-rights.org\/index.php\/wp-json\/wp\/v2\/users\/4"}],"replies":[{"embeddable":true,"href":"https:\/\/language-rights.org\/index.php\/wp-json\/wp\/v2\/comments?post=660"}],"version-history":[{"count":1,"href":"https:\/\/language-rights.org\/index.php\/wp-json\/wp\/v2\/pages\/660\/revisions"}],"predecessor-version":[{"id":665,"href":"https:\/\/language-rights.org\/index.php\/wp-json\/wp\/v2\/pages\/660\/revisions\/665"}],"wp:attachment":[{"href":"https:\/\/language-rights.org\/index.php\/wp-json\/wp\/v2\/media?parent=660"}],"curies":[{"name":"wp","href":"https:\/\/api.w.org\/{rel}","templated":true}]}}